{"id":29105,"date":"2026-04-24T16:18:39","date_gmt":"2026-04-24T14:18:39","guid":{"rendered":"https:\/\/www.ubu.de\/?post_type=ubu_dokumente&#038;p=29105"},"modified":"2026-04-25T08:22:32","modified_gmt":"2026-04-25T06:22:32","slug":"a28","status":"publish","type":"ubu_dokumente","link":"https:\/\/www.ubu.de\/hr\/ubu-dokumente\/a28\/","title":{"rendered":"A28 Norm\u00e4nderung f\u00fcr Verbandk\u00e4sten ab 01.11.2021"},"content":{"rendered":"","protected":false},"excerpt":{"rendered":"<p>Hinweise zu ge\u00e4nderten Anforderungen an Verbandk\u00e4sten gem\u00e4\u00df aktueller Normen.<\/p>","protected":false},"featured_media":0,"template":"","meta":{"_acf_changed":false,"inline_featured_image":false,"footnotes":""},"categories":[51],"tags":[],"class_list":["post-29105","ubu_dokumente","type-ubu_dokumente","status-publish","hentry","category-asd-unterlagen"],"acf":[],"yoast_head":"<!-- This site is optimized with the Yoast SEO plugin v27.4 - https:\/\/yoast.com\/product\/yoast-seo-wordpress\/ -->\n<title>A28 Norm\u00e4nderung f\u00fcr Verbandk\u00e4sten ab 01.11.2021 - ubu - Arbeitsschutz f\u00fcr Hotels und Gastronomie<\/title>\n<meta name=\"robots\" content=\"index, follow, max-snippet:-1, max-image-preview:large, max-video-preview:-1\" \/>\n<link rel=\"canonical\" href=\"https:\/\/www.ubu.de\/hr\/ubu-dokumente\/a28\/\" \/>\n<meta property=\"og:locale\" content=\"hr_HR\" \/>\n<meta property=\"og:type\" content=\"article\" \/>\n<meta property=\"og:title\" content=\"A28 Norm\u00e4nderung f\u00fcr Verbandk\u00e4sten ab 01.11.2021 - ubu - Arbeitsschutz f\u00fcr Hotels und Gastronomie\" \/>\n<meta property=\"og:description\" content=\"Hinweise zu ge\u00e4nderten Anforderungen an Verbandk\u00e4sten gem\u00e4\u00df aktueller Normen.\" \/>\n<meta property=\"og:url\" content=\"https:\/\/www.ubu.de\/hr\/ubu-dokumente\/a28\/\" \/>\n<meta property=\"og:site_name\" content=\"ubu - Arbeitsschutz f\u00fcr Hotels und Gastronomie\" \/>\n<meta property=\"article:modified_time\" content=\"2026-04-25T06:22:32+00:00\" \/>\n<meta name=\"twitter:card\" content=\"summary_large_image\" \/>\n<script type=\"application\/ld+json\" class=\"yoast-schema-graph\">{\"@context\":\"https:\\\/\\\/schema.org\",\"@graph\":[{\"@type\":\"WebPage\",\"@id\":\"https:\\\/\\\/www.ubu.de\\\/ubu-dokumente\\\/a28\\\/\",\"url\":\"https:\\\/\\\/www.ubu.de\\\/ubu-dokumente\\\/a28\\\/\",\"name\":\"A28 Norm\u00e4nderung f\u00fcr Verbandk\u00e4sten ab 01.11.2021 - ubu - Arbeitsschutz f\u00fcr Hotels und Gastronomie\",\"isPartOf\":{\"@id\":\"https:\\\/\\\/www.ubu.de\\\/#website\"},\"datePublished\":\"2026-04-24T14:18:39+00:00\",\"dateModified\":\"2026-04-25T06:22:32+00:00\",\"breadcrumb\":{\"@id\":\"https:\\\/\\\/www.ubu.de\\\/ubu-dokumente\\\/a28\\\/#breadcrumb\"},\"inLanguage\":\"hr\",\"potentialAction\":[{\"@type\":\"ReadAction\",\"target\":[\"https:\\\/\\\/www.ubu.de\\\/ubu-dokumente\\\/a28\\\/\"]}]},{\"@type\":\"BreadcrumbList\",\"@id\":\"https:\\\/\\\/www.ubu.de\\\/ubu-dokumente\\\/a28\\\/#breadcrumb\",\"itemListElement\":[{\"@type\":\"ListItem\",\"position\":1,\"name\":\"Startseite\",\"item\":\"https:\\\/\\\/www.ubu.de\\\/\"},{\"@type\":\"ListItem\",\"position\":2,\"name\":\"A28 Norm\u00e4nderung f\u00fcr Verbandk\u00e4sten ab 01.11.2021\"}]},{\"@type\":\"WebSite\",\"@id\":\"https:\\\/\\\/www.ubu.de\\\/#website\",\"url\":\"https:\\\/\\\/www.ubu.de\\\/\",\"name\":\"ubu - Arbeitsschutz f\u00fcr Hotels und Gastronomie\",\"description\":\"safety at work\",\"publisher\":{\"@id\":\"https:\\\/\\\/www.ubu.de\\\/#organization\"},\"potentialAction\":[{\"@type\":\"SearchAction\",\"target\":{\"@type\":\"EntryPoint\",\"urlTemplate\":\"https:\\\/\\\/www.ubu.de\\\/?s={search_term_string}\"},\"query-input\":{\"@type\":\"PropertyValueSpecification\",\"valueRequired\":true,\"valueName\":\"search_term_string\"}}],\"inLanguage\":\"hr\"},{\"@type\":\"Organization\",\"@id\":\"https:\\\/\\\/www.ubu.de\\\/#organization\",\"name\":\"ubu - safety at work\",\"url\":\"https:\\\/\\\/www.ubu.de\\\/\",\"logo\":{\"@type\":\"ImageObject\",\"inLanguage\":\"hr\",\"@id\":\"https:\\\/\\\/www.ubu.de\\\/#\\\/schema\\\/logo\\\/image\\\/\",\"url\":\"https:\\\/\\\/www.ubu.de\\\/wp-content\\\/uploads\\\/2016\\\/07\\\/ubu-elephant.png\",\"contentUrl\":\"https:\\\/\\\/www.ubu.de\\\/wp-content\\\/uploads\\\/2016\\\/07\\\/ubu-elephant.png\",\"width\":250,\"height\":250,\"caption\":\"ubu - safety at work\"},\"image\":{\"@id\":\"https:\\\/\\\/www.ubu.de\\\/#\\\/schema\\\/logo\\\/image\\\/\"}}]}<\/script>\n<!-- \/ Yoast SEO plugin. -->","yoast_head_json":{"title":"A28 Norm\u00e4nderung f\u00fcr Verbandk\u00e4sten ab 01.11.2021 - ubu - Arbeitsschutz f\u00fcr Hotels und Gastronomie","robots":{"index":"index","follow":"follow","max-snippet":"max-snippet:-1","max-image-preview":"max-image-preview:large","max-video-preview":"max-video-preview:-1"},"canonical":"https:\/\/www.ubu.de\/hr\/ubu-dokumente\/a28\/","og_locale":"hr_HR","og_type":"article","og_title":"A28 Norm\u00e4nderung f\u00fcr Verbandk\u00e4sten ab 01.11.2021 - ubu - Arbeitsschutz f\u00fcr Hotels und Gastronomie","og_description":"Hinweise zu ge\u00e4nderten Anforderungen an Verbandk\u00e4sten gem\u00e4\u00df aktueller Normen.","og_url":"https:\/\/www.ubu.de\/hr\/ubu-dokumente\/a28\/","og_site_name":"ubu - Arbeitsschutz f\u00fcr Hotels und Gastronomie","article_modified_time":"2026-04-25T06:22:32+00:00","twitter_card":"summary_large_image","schema":{"@context":"https:\/\/schema.org","@graph":[{"@type":"WebPage","@id":"https:\/\/www.ubu.de\/ubu-dokumente\/a28\/","url":"https:\/\/www.ubu.de\/ubu-dokumente\/a28\/","name":"A28 Norm\u00e4nderung f\u00fcr Verbandk\u00e4sten ab 01.11.2021 - ubu - Arbeitsschutz f\u00fcr Hotels und Gastronomie","isPartOf":{"@id":"https:\/\/www.ubu.de\/#website"},"datePublished":"2026-04-24T14:18:39+00:00","dateModified":"2026-04-25T06:22:32+00:00","breadcrumb":{"@id":"https:\/\/www.ubu.de\/ubu-dokumente\/a28\/#breadcrumb"},"inLanguage":"hr","potentialAction":[{"@type":"ReadAction","target":["https:\/\/www.ubu.de\/ubu-dokumente\/a28\/"]}]},{"@type":"BreadcrumbList","@id":"https:\/\/www.ubu.de\/ubu-dokumente\/a28\/#breadcrumb","itemListElement":[{"@type":"ListItem","position":1,"name":"Startseite","item":"https:\/\/www.ubu.de\/"},{"@type":"ListItem","position":2,"name":"A28 Norm\u00e4nderung f\u00fcr Verbandk\u00e4sten ab 01.11.2021"}]},{"@type":"WebSite","@id":"https:\/\/www.ubu.de\/#website","url":"https:\/\/www.ubu.de\/","name":"ubu - Arbeitsschutz f\u00fcr Hotels und Gastronomie","description":"sigurnost na radu","publisher":{"@id":"https:\/\/www.ubu.de\/#organization"},"potentialAction":[{"@type":"SearchAction","target":{"@type":"EntryPoint","urlTemplate":"https:\/\/www.ubu.de\/?s={search_term_string}"},"query-input":{"@type":"PropertyValueSpecification","valueRequired":true,"valueName":"search_term_string"}}],"inLanguage":"hr"},{"@type":"Organization","@id":"https:\/\/www.ubu.de\/#organization","name":"ubu - safety at work","url":"https:\/\/www.ubu.de\/","logo":{"@type":"ImageObject","inLanguage":"hr","@id":"https:\/\/www.ubu.de\/#\/schema\/logo\/image\/","url":"https:\/\/www.ubu.de\/wp-content\/uploads\/2016\/07\/ubu-elephant.png","contentUrl":"https:\/\/www.ubu.de\/wp-content\/uploads\/2016\/07\/ubu-elephant.png","width":250,"height":250,"caption":"ubu - safety at work"},"image":{"@id":"https:\/\/www.ubu.de\/#\/schema\/logo\/image\/"}}]}},"_links":{"self":[{"href":"https:\/\/www.ubu.de\/hr\/wp-json\/wp\/v2\/ubu_dokumente\/29105","targetHints":{"allow":["GET"]}}],"collection":[{"href":"https:\/\/www.ubu.de\/hr\/wp-json\/wp\/v2\/ubu_dokumente"}],"about":[{"href":"https:\/\/www.ubu.de\/hr\/wp-json\/wp\/v2\/types\/ubu_dokumente"}],"version-history":[{"count":3,"href":"https:\/\/www.ubu.de\/hr\/wp-json\/wp\/v2\/ubu_dokumente\/29105\/revisions"}],"predecessor-version":[{"id":29191,"href":"https:\/\/www.ubu.de\/hr\/wp-json\/wp\/v2\/ubu_dokumente\/29105\/revisions\/29191"}],"wp:attachment":[{"href":"https:\/\/www.ubu.de\/hr\/wp-json\/wp\/v2\/media?parent=29105"}],"wp:term":[{"taxonomy":"category","embeddable":true,"href":"https:\/\/www.ubu.de\/hr\/wp-json\/wp\/v2\/categories?post=29105"},{"taxonomy":"post_tag","embeddable":true,"href":"https:\/\/www.ubu.de\/hr\/wp-json\/wp\/v2\/tags?post=29105"}],"curies":[{"name":"wp","href":"https:\/\/api.w.org\/{rel}","templated":true}]}}

A28 Normänderung für Verbandkästen ab 01.11.2021

<p>Hinweise zu geänderten Anforderungen an Verbandkästen gemäß aktueller Normen.</p>

<!-- This site is optimized with the Yoast SEO plugin v27.4 - https://yoast.com/product/yoast-seo-wordpress/ -->
<title>A28 Normänderung für Verbandkästen ab 01.11.2021 - ubu - Arbeitsschutz für Hotels und Gastronomie</title>
<meta name="robots" content="index, follow, max-snippet:-1, max-image-preview:large, max-video-preview:-1" />
<link rel="canonical" href="https://www.ubu.de/hr/ubu-dokumente/a28/" />
<meta property="og:locale" content="hr_HR" />
<meta property="og:type" content="article" />
<meta property="og:title" content="A28 Normänderung für Verbandkästen ab 01.11.2021 - ubu - Arbeitsschutz für Hotels und Gastronomie" />
<meta property="og:description" content="Hinweise zu geänderten Anforderungen an Verbandkästen gemäß aktueller Normen." />
<meta property="og:url" content="https://www.ubu.de/hr/ubu-dokumente/a28/" />
<meta property="og:site_name" content="ubu - Arbeitsschutz für Hotels und Gastronomie" />
<meta property="article:modified_time" content="2026-04-25T06:22:32+00:00" />
<meta name="twitter:card" content="summary_large_image" />
<script type="application/ld+json" class="yoast-schema-graph">{"@context":"https:\/\/schema.org","@graph":[{"@type":"WebPage","@id":"https:\/\/www.ubu.de\/ubu-dokumente\/a28\/","url":"https:\/\/www.ubu.de\/ubu-dokumente\/a28\/","name":"A28 Normänderung für Verbandkästen ab 01.11.2021 - ubu - Arbeitsschutz für Hotels und Gastronomie","isPartOf":{"@id":"https:\/\/www.ubu.de\/#website"},"datePublished":"2026-04-24T14:18:39+00:00","dateModified":"2026-04-25T06:22:32+00:00","breadcrumb":{"@id":"https:\/\/www.ubu.de\/ubu-dokumente\/a28\/#breadcrumb"},"inLanguage":"hr","potentialAction":[{"@type":"ReadAction","target":["https:\/\/www.ubu.de\/ubu-dokumente\/a28\/"]}]},{"@type":"BreadcrumbList","@id":"https:\/\/www.ubu.de\/ubu-dokumente\/a28\/#breadcrumb","itemListElement":[{"@type":"ListItem","position":1,"name":"Startseite","item":"https:\/\/www.ubu.de\/"},{"@type":"ListItem","position":2,"name":"A28 Normänderung für Verbandkästen ab 01.11.2021"}]},{"@type":"WebSite","@id":"https:\/\/www.ubu.de\/#website","url":"https:\/\/www.ubu.de\/","name":"ubu - Arbeitsschutz für Hotels und Gastronomie","description":"safety at work","publisher":{"@id":"https:\/\/www.ubu.de\/#organization"},"potentialAction":[{"@type":"SearchAction","target":{"@type":"EntryPoint","urlTemplate":"https:\/\/www.ubu.de\/?s={search_term_string}"},"query-input":{"@type":"PropertyValueSpecification","valueRequired":true,"valueName":"search_term_string"}}],"inLanguage":"hr"},{"@type":"Organization","@id":"https:\/\/www.ubu.de\/#organization","name":"ubu - safety at work","url":"https:\/\/www.ubu.de\/","logo":{"@type":"ImageObject","inLanguage":"hr","@id":"https:\/\/www.ubu.de\/#\/schema\/logo\/image\/","url":"https:\/\/www.ubu.de\/wp-content\/uploads\/2016\/07\/ubu-elephant.png","contentUrl":"https:\/\/www.ubu.de\/wp-content\/uploads\/2016\/07\/ubu-elephant.png","width":250,"height":250,"caption":"ubu - safety at work"},"image":{"@id":"https:\/\/www.ubu.de\/#\/schema\/logo\/image\/"}}]}</script>
<!-- / Yoast SEO plugin. -->

A28 Normänderung für Verbandkästen ab 01.11.2021 - ubu - Arbeitsschutz für Hotels und Gastronomie

Hinweise zu geänderten Anforderungen an Verbandkästen gemäß aktueller Normen.

ubu - Arbeitsschutz für Hotels und Gastronomie
