{"id":25754,"date":"2016-07-25T18:13:20","date_gmt":"2016-07-25T16:13:20","guid":{"rendered":"http:\/\/www.ubu.de\/?page_id=25754"},"modified":"2026-03-20T14:03:46","modified_gmt":"2026-03-20T13:03:46","slug":"impressum","status":"publish","type":"page","link":"https:\/\/www.ubu.de\/pl\/impressum\/","title":{"rendered":"Nadruk"},"content":{"rendered":"<div class=\"et_pb_section_0 et_pb_section et_section_regular et_block_section\"><div class=\"et_pb_row_0 et_pb_row et_block_row\"><div class=\"et_pb_column_0 et_pb_column et_pb_column_4_4 et-last-child et_block_column et_pb_css_mix_blend_mode_passthrough\"><div class=\"et_pb_text_0 et_pb_text et_pb_bg_layout_light et_pb_module et_block_module\"><div class=\"et_pb_text_inner\"><h1>Nadruk<\/h1>\n<h2>Informacje zgodnie z \u00a7 5 DDG:<\/h2>\n<p>UBU Unternehmensberatung f\u00fcr Betriebsmedizin und Umweltschutz GmbH<br \/>Mittelstra\u00dfe 6<br \/>29351 Eldingen<\/p>\n<h2>Reprezentowany przez:<\/h2>\n<p>Anke Weischedel<\/p>\n<h2>Kontakt:<\/h2>\n<table>\n<tbody>\n<tr>\n<td>Telefon:<\/td>\n<td><a href=\"tel:+4951482650350\u202c\"><span style=\"color: #4c5b6d;\"><span style=\"caret-color: #4c5b6d;\">05148 26 50 350<\/span><\/span><\/a><\/td>\n<\/tr>\n<tr>\n<td>E-mail:<\/td>\n<td><a href=\"mailto:info@ubu.de\">info@ubu.de<\/a><\/td>\n<\/tr>\n<\/tbody>\n<\/table>\n<h2>Wpis do rejestru:<\/h2>\n<p>Wpis do rejestru handlowego.<br \/>S\u0105d rejestrowy: S\u0105d lokalny w Hamburgu<br \/>Numer rejestracyjny: HRB147179<\/p>\n<h2>Identyfikator podatkowy sprzeda\u017cy:<\/h2>\n<p>Numer identyfikacji podatkowej zgodnie z \u00a727 ustawy o podatku od sprzeda\u017cy:<br \/>DE228966482<\/p>\n<h2>Strona internetowa:<\/h2>\n<p>Koncepcja i programowanie: <a href=\"https:\/\/www.applaus.net\" target=\"_blank\" rel=\"noopener\">applaus GmbH - consulting | mac support<\/a><\/p>\n<p>\u0179r\u00f3d\u0142o: <em><a href=\"https:\/\/www.e-recht24.de\">eRecht24<\/a><\/em><\/p>\n<\/div><\/div><div class=\"et_pb_text_1 et_pb_text et_pb_bg_layout_light et_pb_module et_block_module\"><div class=\"et_pb_text_inner\"><h1>Wy\u0142\u0105czenie odpowiedzialno\u015bci<\/h1>\n<p><strong>Odpowiedzialno\u015b\u0107 za tre\u015b\u0107<\/strong><\/p>\n<p>Jako us\u0142ugodawca jeste\u015bmy odpowiedzialni za w\u0142asne tre\u015bci na tych stronach zgodnie z \u00a7 7 ust. 1 DDG i og\u00f3lnymi przepisami prawa. Jednak\u017ce, zgodnie z \u00a7\u00a7 8 do 10 DDG, jako us\u0142ugodawca nie jeste\u015bmy zobowi\u0105zani do monitorowania przekazywanych lub przechowywanych informacji os\u00f3b trzecich ani do badania okoliczno\u015bci wskazuj\u0105cych na nielegaln\u0105 dzia\u0142alno\u015b\u0107. Nie ma to wp\u0142ywu na obowi\u0105zek usuni\u0119cia lub zablokowania korzystania z informacji zgodnie z og\u00f3lnymi przepisami prawa. Odpowiedzialno\u015b\u0107 w tym zakresie jest jednak mo\u017cliwa dopiero od momentu powzi\u0119cia informacji o konkretnym naruszeniu. Gdy tylko dowiemy si\u0119 o takich naruszeniach, niezw\u0142ocznie usuniemy te tre\u015bci.<\/p>\n<p><strong>Odpowiedzialno\u015b\u0107 za linki<\/strong><\/p>\n<p>Nasza witryna internetowa zawiera \u0142\u0105cza do zewn\u0119trznych witryn internetowych os\u00f3b trzecich, na kt\u00f3rych tre\u015b\u0107 nie mamy wp\u0142ywu. W zwi\u0105zku z tym nie mo\u017cemy ponosi\u0107 \u017cadnej odpowiedzialno\u015bci za tre\u015bci stron trzecich. Odpowiedni dostawca lub operator stron jest zawsze odpowiedzialny za tre\u015b\u0107 stron, do kt\u00f3rych prowadz\u0105 linki. Po\u0142\u0105czone strony zosta\u0142y sprawdzone pod k\u0105tem mo\u017cliwych narusze\u0144 prawa w momencie \u0142\u0105czenia. Nielegalne tre\u015bci nie zosta\u0142y rozpoznane w momencie linkowania. Sta\u0142e monitorowanie tre\u015bci stron, do kt\u00f3rych prowadz\u0105 linki, nie jest jednak uzasadnione bez konkretnych dowod\u00f3w naruszenia prawa. Je\u015bli dowiemy si\u0119 o jakichkolwiek naruszeniach prawa, niezw\u0142ocznie usuniemy takie linki.<\/p>\n<p><strong>Prawa autorskie<\/strong><\/p>\n<p>Tre\u015bci i dzie\u0142a stworzone przez operator\u00f3w witryn na tych stronach podlegaj\u0105 niemieckiemu prawu autorskiemu. Powielanie, przetwarzanie, rozpowszechnianie i wszelkiego rodzaju wykorzystywanie poza granicami prawa autorskiego wymaga pisemnej zgody odpowiedniego autora lub tw\u00f3rcy. Pobieranie i kopiowanie tej strony jest dozwolone wy\u0142\u0105cznie do prywatnego, niekomercyjnego u\u017cytku. O ile tre\u015bci na tej stronie nie zosta\u0142y stworzone przez operatora, prawa autorskie os\u00f3b trzecich s\u0105 przestrzegane. W szczeg\u00f3lno\u015bci tre\u015bci os\u00f3b trzecich s\u0105 oznaczone jako takie. Je\u015bli mimo to dowiesz si\u0119 o naruszeniu praw autorskich, poinformuj nas o tym. Je\u015bli dowiemy si\u0119 o jakichkolwiek naruszeniach, niezw\u0142ocznie usuniemy takie tre\u015bci.<\/p>\n<h1>Podpowiedzi e-mail<\/h1>\n<p>Nasze wiadomo\u015bci e-mail i za\u0142\u0105czniki do nich s\u0105 poufne. Je\u015bli nie jeste\u015b zamierzonym adresatem i otrzyma\u0142e\u015b nasz\u0105 wiadomo\u015b\u0107 e-mail przez pomy\u0142k\u0119, prosimy o niezw\u0142oczne poinformowanie nadawcy i niezw\u0142oczne usuni\u0119cie wiadomo\u015bci e-mail. Nieautoryzowane kopiowanie, inne wykorzystanie lub nieautoryzowane przekazywanie osobom trzecim jest niedozwolone.<\/p>\n<\/div><\/div><\/div><\/div><\/div>","protected":false},"excerpt":{"rendered":"","protected":false},"author":1,"featured_media":0,"parent":0,"menu_order":0,"comment_status":"closed","ping_status":"closed","template":"","meta":{"_acf_changed":false,"inline_featured_image":false,"footnotes":""},"class_list":["post-25754","page","type-page","status-publish","hentry"],"acf":[],"yoast_head":"<!-- This site is optimized with the Yoast SEO plugin v27.4 - https:\/\/yoast.com\/product\/yoast-seo-wordpress\/ -->\n<title>Impressum - ubu - Arbeitsschutz f\u00fcr Hotels und Gastronomie<\/title>\n<meta name=\"robots\" content=\"index, follow, max-snippet:-1, max-image-preview:large, max-video-preview:-1\" \/>\n<link rel=\"canonical\" href=\"https:\/\/www.ubu.de\/pl\/impressum\/\" \/>\n<meta property=\"og:locale\" content=\"pl_PL\" \/>\n<meta property=\"og:type\" content=\"article\" \/>\n<meta property=\"og:title\" content=\"Impressum - ubu - Arbeitsschutz f\u00fcr Hotels und Gastronomie\" \/>\n<meta property=\"og:url\" content=\"https:\/\/www.ubu.de\/pl\/impressum\/\" \/>\n<meta property=\"og:site_name\" content=\"ubu - Arbeitsschutz f\u00fcr Hotels und Gastronomie\" \/>\n<meta property=\"article:modified_time\" content=\"2026-03-20T13:03:46+00:00\" \/>\n<meta name=\"twitter:card\" content=\"summary_large_image\" \/>\n<script type=\"application\/ld+json\" class=\"yoast-schema-graph\">{\"@context\":\"https:\\\/\\\/schema.org\",\"@graph\":[{\"@type\":\"WebPage\",\"@id\":\"https:\\\/\\\/www.ubu.de\\\/impressum\\\/\",\"url\":\"https:\\\/\\\/www.ubu.de\\\/impressum\\\/\",\"name\":\"Impressum - ubu - Arbeitsschutz f\u00fcr Hotels und Gastronomie\",\"isPartOf\":{\"@id\":\"https:\\\/\\\/www.ubu.de\\\/#website\"},\"datePublished\":\"2016-07-25T16:13:20+00:00\",\"dateModified\":\"2026-03-20T13:03:46+00:00\",\"breadcrumb\":{\"@id\":\"https:\\\/\\\/www.ubu.de\\\/impressum\\\/#breadcrumb\"},\"inLanguage\":\"pl-PL\",\"potentialAction\":[{\"@type\":\"ReadAction\",\"target\":[\"https:\\\/\\\/www.ubu.de\\\/impressum\\\/\"]}]},{\"@type\":\"BreadcrumbList\",\"@id\":\"https:\\\/\\\/www.ubu.de\\\/impressum\\\/#breadcrumb\",\"itemListElement\":[{\"@type\":\"ListItem\",\"position\":1,\"name\":\"Startseite\",\"item\":\"https:\\\/\\\/www.ubu.de\\\/\"},{\"@type\":\"ListItem\",\"position\":2,\"name\":\"Impressum\"}]},{\"@type\":\"WebSite\",\"@id\":\"https:\\\/\\\/www.ubu.de\\\/#website\",\"url\":\"https:\\\/\\\/www.ubu.de\\\/\",\"name\":\"ubu - Arbeitsschutz f\u00fcr Hotels und Gastronomie\",\"description\":\"safety at work\",\"publisher\":{\"@id\":\"https:\\\/\\\/www.ubu.de\\\/#organization\"},\"potentialAction\":[{\"@type\":\"SearchAction\",\"target\":{\"@type\":\"EntryPoint\",\"urlTemplate\":\"https:\\\/\\\/www.ubu.de\\\/?s={search_term_string}\"},\"query-input\":{\"@type\":\"PropertyValueSpecification\",\"valueRequired\":true,\"valueName\":\"search_term_string\"}}],\"inLanguage\":\"pl-PL\"},{\"@type\":\"Organization\",\"@id\":\"https:\\\/\\\/www.ubu.de\\\/#organization\",\"name\":\"ubu - safety at work\",\"url\":\"https:\\\/\\\/www.ubu.de\\\/\",\"logo\":{\"@type\":\"ImageObject\",\"inLanguage\":\"pl-PL\",\"@id\":\"https:\\\/\\\/www.ubu.de\\\/#\\\/schema\\\/logo\\\/image\\\/\",\"url\":\"https:\\\/\\\/www.ubu.de\\\/wp-content\\\/uploads\\\/2016\\\/07\\\/ubu-elephant.png\",\"contentUrl\":\"https:\\\/\\\/www.ubu.de\\\/wp-content\\\/uploads\\\/2016\\\/07\\\/ubu-elephant.png\",\"width\":250,\"height\":250,\"caption\":\"ubu - safety at work\"},\"image\":{\"@id\":\"https:\\\/\\\/www.ubu.de\\\/#\\\/schema\\\/logo\\\/image\\\/\"}}]}<\/script>\n<!-- \/ Yoast SEO plugin. -->","yoast_head_json":{"title":"Impressum - ubu - Arbeitsschutz f\u00fcr Hotels und Gastronomie","robots":{"index":"index","follow":"follow","max-snippet":"max-snippet:-1","max-image-preview":"max-image-preview:large","max-video-preview":"max-video-preview:-1"},"canonical":"https:\/\/www.ubu.de\/pl\/impressum\/","og_locale":"pl_PL","og_type":"article","og_title":"Impressum - ubu - Arbeitsschutz f\u00fcr Hotels und Gastronomie","og_url":"https:\/\/www.ubu.de\/pl\/impressum\/","og_site_name":"ubu - Arbeitsschutz f\u00fcr Hotels und Gastronomie","article_modified_time":"2026-03-20T13:03:46+00:00","twitter_card":"summary_large_image","schema":{"@context":"https:\/\/schema.org","@graph":[{"@type":"WebPage","@id":"https:\/\/www.ubu.de\/impressum\/","url":"https:\/\/www.ubu.de\/impressum\/","name":"Impressum - ubu - Arbeitsschutz f\u00fcr Hotels und Gastronomie","isPartOf":{"@id":"https:\/\/www.ubu.de\/#website"},"datePublished":"2016-07-25T16:13:20+00:00","dateModified":"2026-03-20T13:03:46+00:00","breadcrumb":{"@id":"https:\/\/www.ubu.de\/impressum\/#breadcrumb"},"inLanguage":"pl-PL","potentialAction":[{"@type":"ReadAction","target":["https:\/\/www.ubu.de\/impressum\/"]}]},{"@type":"BreadcrumbList","@id":"https:\/\/www.ubu.de\/impressum\/#breadcrumb","itemListElement":[{"@type":"ListItem","position":1,"name":"Startseite","item":"https:\/\/www.ubu.de\/"},{"@type":"ListItem","position":2,"name":"Impressum"}]},{"@type":"WebSite","@id":"https:\/\/www.ubu.de\/#website","url":"https:\/\/www.ubu.de\/","name":"ubu - Arbeitsschutz f\u00fcr Hotels und Gastronomie","description":"bezpiecze\u0144stwo w pracy","publisher":{"@id":"https:\/\/www.ubu.de\/#organization"},"potentialAction":[{"@type":"SearchAction","target":{"@type":"EntryPoint","urlTemplate":"https:\/\/www.ubu.de\/?s={search_term_string}"},"query-input":{"@type":"PropertyValueSpecification","valueRequired":true,"valueName":"search_term_string"}}],"inLanguage":"pl-PL"},{"@type":"Organization","@id":"https:\/\/www.ubu.de\/#organization","name":"ubu - safety at work","url":"https:\/\/www.ubu.de\/","logo":{"@type":"ImageObject","inLanguage":"pl-PL","@id":"https:\/\/www.ubu.de\/#\/schema\/logo\/image\/","url":"https:\/\/www.ubu.de\/wp-content\/uploads\/2016\/07\/ubu-elephant.png","contentUrl":"https:\/\/www.ubu.de\/wp-content\/uploads\/2016\/07\/ubu-elephant.png","width":250,"height":250,"caption":"ubu - safety at work"},"image":{"@id":"https:\/\/www.ubu.de\/#\/schema\/logo\/image\/"}}]}},"_links":{"self":[{"href":"https:\/\/www.ubu.de\/pl\/wp-json\/wp\/v2\/pages\/25754","targetHints":{"allow":["GET"]}}],"collection":[{"href":"https:\/\/www.ubu.de\/pl\/wp-json\/wp\/v2\/pages"}],"about":[{"href":"https:\/\/www.ubu.de\/pl\/wp-json\/wp\/v2\/types\/page"}],"author":[{"embeddable":true,"href":"https:\/\/www.ubu.de\/pl\/wp-json\/wp\/v2\/users\/1"}],"replies":[{"embeddable":true,"href":"https:\/\/www.ubu.de\/pl\/wp-json\/wp\/v2\/comments?post=25754"}],"version-history":[{"count":10,"href":"https:\/\/www.ubu.de\/pl\/wp-json\/wp\/v2\/pages\/25754\/revisions"}],"predecessor-version":[{"id":28875,"href":"https:\/\/www.ubu.de\/pl\/wp-json\/wp\/v2\/pages\/25754\/revisions\/28875"}],"wp:attachment":[{"href":"https:\/\/www.ubu.de\/pl\/wp-json\/wp\/v2\/media?parent=25754"}],"curies":[{"name":"wp","href":"https:\/\/api.w.org\/{rel}","templated":true}]}}

<div class="et_pb_section_0 et_pb_section et_section_regular et_block_section"><div class="et_pb_row_0 et_pb_row et_block_row"><div class="et_pb_column_0 et_pb_column et_pb_column_4_4 et-last-child et_block_column et_pb_css_mix_blend_mode_passthrough"><div class="et_pb_text_0 et_pb_text et_pb_bg_layout_light et_pb_module et_block_module"><div class="et_pb_text_inner"><h1>Nadruk</h1>
<h2>Informacje zgodnie z § 5 DDG:</h2>
<p>UBU Unternehmensberatung für Betriebsmedizin und Umweltschutz GmbH<br />Mittelstraße 6<br />29351 Eldingen</p>
<h2>Reprezentowany przez:</h2>
<p>Anke Weischedel</p>
<h2>Kontakt:</h2>
<table>
<tbody>
<tr>
<td>Telefon:</td>
<td><a href="tel:+4951482650350‬"><span style="color: #4c5b6d;"><span style="caret-color: #4c5b6d;">05148 26 50 350</span></span></a></td>
</tr>
<tr>
<td>E-mail:</td>
<td><a href="mailto:info@ubu.de">info@ubu.de</a></td>
</tr>
</tbody>
</table>
<h2>Wpis do rejestru:</h2>
<p>Wpis do rejestru handlowego.<br />Sąd rejestrowy: Sąd lokalny w Hamburgu<br />Numer rejestracyjny: HRB147179</p>
<h2>Identyfikator podatkowy sprzedaży:</h2>
<p>Numer identyfikacji podatkowej zgodnie z §27 ustawy o podatku od sprzedaży:<br />DE228966482</p>
<h2>Strona internetowa:</h2>
<p>Koncepcja i programowanie: <a href="https://www.applaus.net" target="_blank" rel="noopener">applaus GmbH - consulting | mac support</a></p>
<p>Źródło: <em><a href="https://www.e-recht24.de">eRecht24</a></em></p>
</div></div><div class="et_pb_text_1 et_pb_text et_pb_bg_layout_light et_pb_module et_block_module"><div class="et_pb_text_inner"><h1>Wyłączenie odpowiedzialności</h1>
<p><strong>Odpowiedzialność za treść</strong></p>
<p>Jako usługodawca jesteśmy odpowiedzialni za własne treści na tych stronach zgodnie z § 7 ust. 1 DDG i ogólnymi przepisami prawa. Jednakże, zgodnie z §§ 8 do 10 DDG, jako usługodawca nie jesteśmy zobowiązani do monitorowania przekazywanych lub przechowywanych informacji osób trzecich ani do badania okoliczności wskazujących na nielegalną działalność. Nie ma to wpływu na obowiązek usunięcia lub zablokowania korzystania z informacji zgodnie z ogólnymi przepisami prawa. Odpowiedzialność w tym zakresie jest jednak możliwa dopiero od momentu powzięcia informacji o konkretnym naruszeniu. Gdy tylko dowiemy się o takich naruszeniach, niezwłocznie usuniemy te treści.</p>
<p><strong>Odpowiedzialność za linki</strong></p>
<p>Nasza witryna internetowa zawiera łącza do zewnętrznych witryn internetowych osób trzecich, na których treść nie mamy wpływu. W związku z tym nie możemy ponosić żadnej odpowiedzialności za treści stron trzecich. Odpowiedni dostawca lub operator stron jest zawsze odpowiedzialny za treść stron, do których prowadzą linki. Połączone strony zostały sprawdzone pod kątem możliwych naruszeń prawa w momencie łączenia. Nielegalne treści nie zostały rozpoznane w momencie linkowania. Stałe monitorowanie treści stron, do których prowadzą linki, nie jest jednak uzasadnione bez konkretnych dowodów naruszenia prawa. Jeśli dowiemy się o jakichkolwiek naruszeniach prawa, niezwłocznie usuniemy takie linki.</p>
<p><strong>Prawa autorskie</strong></p>
<p>Treści i dzieła stworzone przez operatorów witryn na tych stronach podlegają niemieckiemu prawu autorskiemu. Powielanie, przetwarzanie, rozpowszechnianie i wszelkiego rodzaju wykorzystywanie poza granicami prawa autorskiego wymaga pisemnej zgody odpowiedniego autora lub twórcy. Pobieranie i kopiowanie tej strony jest dozwolone wyłącznie do prywatnego, niekomercyjnego użytku. O ile treści na tej stronie nie zostały stworzone przez operatora, prawa autorskie osób trzecich są przestrzegane. W szczególności treści osób trzecich są oznaczone jako takie. Jeśli mimo to dowiesz się o naruszeniu praw autorskich, poinformuj nas o tym. Jeśli dowiemy się o jakichkolwiek naruszeniach, niezwłocznie usuniemy takie treści.</p>
<h1>Podpowiedzi e-mail</h1>
<p>Nasze wiadomości e-mail i załączniki do nich są poufne. Jeśli nie jesteś zamierzonym adresatem i otrzymałeś naszą wiadomość e-mail przez pomyłkę, prosimy o niezwłoczne poinformowanie nadawcy i niezwłoczne usunięcie wiadomości e-mail. Nieautoryzowane kopiowanie, inne wykorzystanie lub nieautoryzowane przekazywanie osobom trzecim jest niedozwolone.</p>
</div></div></div></div></div>

<!-- This site is optimized with the Yoast SEO plugin v27.4 - https://yoast.com/product/yoast-seo-wordpress/ -->
<title>Impressum - ubu - Arbeitsschutz für Hotels und Gastronomie</title>
<meta name="robots" content="index, follow, max-snippet:-1, max-image-preview:large, max-video-preview:-1" />
<link rel="canonical" href="https://www.ubu.de/pl/impressum/" />
<meta property="og:locale" content="pl_PL" />
<meta property="og:type" content="article" />
<meta property="og:title" content="Impressum - ubu - Arbeitsschutz für Hotels und Gastronomie" />
<meta property="og:url" content="https://www.ubu.de/pl/impressum/" />
<meta property="og:site_name" content="ubu - Arbeitsschutz für Hotels und Gastronomie" />
<meta property="article:modified_time" content="2026-03-20T13:03:46+00:00" />
<meta name="twitter:card" content="summary_large_image" />
<script type="application/ld+json" class="yoast-schema-graph">{"@context":"https:\/\/schema.org","@graph":[{"@type":"WebPage","@id":"https:\/\/www.ubu.de\/impressum\/","url":"https:\/\/www.ubu.de\/impressum\/","name":"Impressum - ubu - Arbeitsschutz für Hotels und Gastronomie","isPartOf":{"@id":"https:\/\/www.ubu.de\/#website"},"datePublished":"2016-07-25T16:13:20+00:00","dateModified":"2026-03-20T13:03:46+00:00","breadcrumb":{"@id":"https:\/\/www.ubu.de\/impressum\/#breadcrumb"},"inLanguage":"pl-PL","potentialAction":[{"@type":"ReadAction","target":["https:\/\/www.ubu.de\/impressum\/"]}]},{"@type":"BreadcrumbList","@id":"https:\/\/www.ubu.de\/impressum\/#breadcrumb","itemListElement":[{"@type":"ListItem","position":1,"name":"Startseite","item":"https:\/\/www.ubu.de\/"},{"@type":"ListItem","position":2,"name":"Impressum"}]},{"@type":"WebSite","@id":"https:\/\/www.ubu.de\/#website","url":"https:\/\/www.ubu.de\/","name":"ubu - Arbeitsschutz für Hotels und Gastronomie","description":"safety at work","publisher":{"@id":"https:\/\/www.ubu.de\/#organization"},"potentialAction":[{"@type":"SearchAction","target":{"@type":"EntryPoint","urlTemplate":"https:\/\/www.ubu.de\/?s={search_term_string}"},"query-input":{"@type":"PropertyValueSpecification","valueRequired":true,"valueName":"search_term_string"}}],"inLanguage":"pl-PL"},{"@type":"Organization","@id":"https:\/\/www.ubu.de\/#organization","name":"ubu - safety at work","url":"https:\/\/www.ubu.de\/","logo":{"@type":"ImageObject","inLanguage":"pl-PL","@id":"https:\/\/www.ubu.de\/#\/schema\/logo\/image\/","url":"https:\/\/www.ubu.de\/wp-content\/uploads\/2016\/07\/ubu-elephant.png","contentUrl":"https:\/\/www.ubu.de\/wp-content\/uploads\/2016\/07\/ubu-elephant.png","width":250,"height":250,"caption":"ubu - safety at work"},"image":{"@id":"https:\/\/www.ubu.de\/#\/schema\/logo\/image\/"}}]}</script>
<!-- / Yoast SEO plugin. -->

Impressum - ubu - Arbeitsschutz für Hotels und Gastronomie

ubu - Arbeitsschutz für Hotels und Gastronomie

bezpieczeństwo w pracy
